{"version":"1.0","provider_name":"Tu Gu\u00eda","provider_url":"https:\/\/tuguia.combarranquilla.co\/Revista","author_name":"Comunicaciones Combarranquilla","author_url":"https:\/\/tuguia.combarranquilla.co\/Revista\/author\/comunicaciones\/","title":"Feria de Subsidio de Vivienda - Tu Gu\u00eda","type":"rich","width":600,"height":338,"html":"<blockquote class=\"wp-embedded-content\" data-secret=\"Jm1mZZVbof\"><a href=\"https:\/\/tuguia.combarranquilla.co\/Revista\/feria-de-subsidio-de-vivienda\/\">Feria de Subsidio de Vivienda<\/a><\/blockquote><iframe sandbox=\"allow-scripts\" security=\"restricted\" src=\"https:\/\/tuguia.combarranquilla.co\/Revista\/feria-de-subsidio-de-vivienda\/embed\/#?secret=Jm1mZZVbof\" width=\"600\" height=\"338\" title=\"&#8220;Feria de Subsidio de Vivienda&#8221; &#8212; Tu Gu\u00eda\" data-secret=\"Jm1mZZVbof\" frameborder=\"0\" marginwidth=\"0\" marginheight=\"0\" scrolling=\"no\" class=\"wp-embedded-content\"><\/iframe><script>\n\/*! This file is auto-generated *\/\n!function(d,l){\"use strict\";l.querySelector&&d.addEventListener&&\"undefined\"!=typeof URL&&(d.wp=d.wp||{},d.wp.receiveEmbedMessage||(d.wp.receiveEmbedMessage=function(e){var t=e.data;if((t||t.secret||t.message||t.value)&&!\/[^a-zA-Z0-9]\/.test(t.secret)){for(var s,r,n,a=l.querySelectorAll('iframe[data-secret=\"'+t.secret+'\"]'),o=l.querySelectorAll('blockquote[data-secret=\"'+t.secret+'\"]'),c=new RegExp(\"^https?:$\",\"i\"),i=0;i<o.length;i++)o[i].style.display=\"none\";for(i=0;i<a.length;i++)s=a[i],e.source===s.contentWindow&&(s.removeAttribute(\"style\"),\"height\"===t.message?(1e3<(r=parseInt(t.value,10))?r=1e3:~~r<200&&(r=200),s.height=r):\"link\"===t.message&&(r=new URL(s.getAttribute(\"src\")),n=new URL(t.value),c.test(n.protocol))&&n.host===r.host&&l.activeElement===s&&(d.top.location.href=t.value))}},d.addEventListener(\"message\",d.wp.receiveEmbedMessage,!1),l.addEventListener(\"DOMContentLoaded\",function(){for(var e,t,s=l.querySelectorAll(\"iframe.wp-embedded-content\"),r=0;r<s.length;r++)(t=(e=s[r]).getAttribute(\"data-secret\"))||(t=Math.random().toString(36).substring(2,12),e.src+=\"#?secret=\"+t,e.setAttribute(\"data-secret\",t)),e.contentWindow.postMessage({message:\"ready\",secret:t},\"*\")},!1)))}(window,document);\n<\/script>\n","thumbnail_url":"https:\/\/tuguia.combarranquilla.co\/Revista\/wp-content\/uploads\/2023\/08\/IMG_8582-1.jpg","thumbnail_width":2049,"thumbnail_height":1536,"description":"\u00a1As\u00ed se llev\u00f3 a cabo la Feria de Subsidio de Vivienda en la Unidad Country! En Combarranquilla, el sue\u00f1o te obtener casa propia es posible. El pasado s\u00e1bado 12 de agosto se realiz\u00f3 una feria del subsidio de vivienda, donde aliados estrat\u00e9gicos ayudaron a 290 afiliados a despejar sus dudas y ayudarlos con el proceso [&hellip;]"}

Tu Guía

Feria de Subsidio de Vivienda - Tu Guía

<blockquote class="wp-embedded-content" data-secret="Jm1mZZVbof"><a href="https://tuguia.combarranquilla.co/Revista/feria-de-subsidio-de-vivienda/">Feria de Subsidio de Vivienda</a></blockquote><iframe sandbox="allow-scripts" security="restricted" src="https://tuguia.combarranquilla.co/Revista/feria-de-subsidio-de-vivienda/embed/#?secret=Jm1mZZVbof" width="600" height="338" title="&#8220;Feria de Subsidio de Vivienda&#8221; &#8212; Tu Guía" data-secret="Jm1mZZVbof" frameborder="0" marginwidth="0" marginheight="0" scrolling="no" class="wp-embedded-content"></iframe><script>
/*! This file is auto-generated */
!function(d,l){"use strict";l.querySelector&&d.addEventListener&&"undefined"!=typeof URL&&(d.wp=d.wp||{},d.wp.receiveEmbedMessage||(d.wp.receiveEmbedMessage=function(e){var t=e.data;if((t||t.secret||t.message||t.value)&&!/[^a-zA-Z0-9]/.test(t.secret)){for(var s,r,n,a=l.querySelectorAll('iframe[data-secret="'+t.secret+'"]'),o=l.querySelectorAll('blockquote[data-secret="'+t.secret+'"]'),c=new RegExp("^https?:$","i"),i=0;i<o.length;i++)o[i].style.display="none";for(i=0;i<a.length;i++)s=a[i],e.source===s.contentWindow&&(s.removeAttribute("style"),"height"===t.message?(1e3<(r=parseInt(t.value,10))?r=1e3:~~r<200&&(r=200),s.height=r):"link"===t.message&&(r=new URL(s.getAttribute("src")),n=new URL(t.value),c.test(n.protocol))&&n.host===r.host&&l.activeElement===s&&(d.top.location.href=t.value))}},d.addEventListener("message",d.wp.receiveEmbedMessage,!1),l.addEventListener("DOMContentLoaded",function(){for(var e,t,s=l.querySelectorAll("iframe.wp-embedded-content"),r=0;r<s.length;r++)(t=(e=s[r]).getAttribute("data-secret"))||(t=Math.random().toString(36).substring(2,12),e.src+="#?secret="+t,e.setAttribute("data-secret",t)),e.contentWindow.postMessage({message:"ready",secret:t},"*")},!1)))}(window,document);
</script>

¡Así se llevó a cabo la Feria de Subsidio de Vivienda en la Unidad Country! En Combarranquilla, el sueño te obtener casa propia es posible. El pasado sábado 12 de agosto se realizó una feria del subsidio de vivienda, donde aliados estratégicos ayudaron a 290 afiliados a despejar sus dudas y ayudarlos con el proceso [&hellip;]
