{"version":"1.0","provider_name":"Tu Gu\u00eda","provider_url":"https:\/\/tuguia.combarranquilla.co\/Revista","author_name":"Comunicaciones Combarranquilla","author_url":"https:\/\/tuguia.combarranquilla.co\/Revista\/author\/comunicaciones\/","title":"Feria de Vivienda Combarranquilla - Tu Gu\u00eda","type":"rich","width":600,"height":338,"html":"<blockquote class=\"wp-embedded-content\" data-secret=\"BMtbnw3XXH\"><a href=\"https:\/\/tuguia.combarranquilla.co\/Revista\/feria-de-vivienda-combarranquilla\/\">Feria de Vivienda Combarranquilla<\/a><\/blockquote><iframe sandbox=\"allow-scripts\" security=\"restricted\" src=\"https:\/\/tuguia.combarranquilla.co\/Revista\/feria-de-vivienda-combarranquilla\/embed\/#?secret=BMtbnw3XXH\" width=\"600\" height=\"338\" title=\"&#8220;Feria de Vivienda Combarranquilla&#8221; &#8212; Tu Gu\u00eda\" data-secret=\"BMtbnw3XXH\" frameborder=\"0\" marginwidth=\"0\" marginheight=\"0\" scrolling=\"no\" class=\"wp-embedded-content\"><\/iframe><script>\n\/*! This file is auto-generated *\/\n!function(d,l){\"use strict\";l.querySelector&&d.addEventListener&&\"undefined\"!=typeof URL&&(d.wp=d.wp||{},d.wp.receiveEmbedMessage||(d.wp.receiveEmbedMessage=function(e){var t=e.data;if((t||t.secret||t.message||t.value)&&!\/[^a-zA-Z0-9]\/.test(t.secret)){for(var s,r,n,a=l.querySelectorAll('iframe[data-secret=\"'+t.secret+'\"]'),o=l.querySelectorAll('blockquote[data-secret=\"'+t.secret+'\"]'),c=new RegExp(\"^https?:$\",\"i\"),i=0;i<o.length;i++)o[i].style.display=\"none\";for(i=0;i<a.length;i++)s=a[i],e.source===s.contentWindow&&(s.removeAttribute(\"style\"),\"height\"===t.message?(1e3<(r=parseInt(t.value,10))?r=1e3:~~r<200&&(r=200),s.height=r):\"link\"===t.message&&(r=new URL(s.getAttribute(\"src\")),n=new URL(t.value),c.test(n.protocol))&&n.host===r.host&&l.activeElement===s&&(d.top.location.href=t.value))}},d.addEventListener(\"message\",d.wp.receiveEmbedMessage,!1),l.addEventListener(\"DOMContentLoaded\",function(){for(var e,t,s=l.querySelectorAll(\"iframe.wp-embedded-content\"),r=0;r<s.length;r++)(t=(e=s[r]).getAttribute(\"data-secret\"))||(t=Math.random().toString(36).substring(2,12),e.src+=\"#?secret=\"+t,e.setAttribute(\"data-secret\",t)),e.contentWindow.postMessage({message:\"ready\",secret:t},\"*\")},!1)))}(window,document);\n<\/script>\n","thumbnail_url":"https:\/\/tuguia.combarranquilla.co\/Revista\/wp-content\/uploads\/2024\/06\/Subsidio-de-vivienda_Mesa-de-trabajo-1-819x1024.png","thumbnail_width":819,"thumbnail_height":1024,"description":"\u00bfInteresado en tener vivienda propia? Esta es tu oportunidad para estar mas cerca de cumplir ese gran sue\u00f1o. El pr\u00f3ximo s\u00e1bado, 15 de junio se realizar\u00e1 en Combarranquilla Unidad Boston, la feria de vivienda donde podr\u00e1s conocer los subsidios disponibles para tu proyecto. Si a\u00fan no lo tienes escogido, podr\u00e1s consultar lo que diferentes constructoras [&hellip;]"}

Tu Guía

Feria de Vivienda Combarranquilla - Tu Guía

<blockquote class="wp-embedded-content" data-secret="BMtbnw3XXH"><a href="https://tuguia.combarranquilla.co/Revista/feria-de-vivienda-combarranquilla/">Feria de Vivienda Combarranquilla</a></blockquote><iframe sandbox="allow-scripts" security="restricted" src="https://tuguia.combarranquilla.co/Revista/feria-de-vivienda-combarranquilla/embed/#?secret=BMtbnw3XXH" width="600" height="338" title="&#8220;Feria de Vivienda Combarranquilla&#8221; &#8212; Tu Guía" data-secret="BMtbnw3XXH" frameborder="0" marginwidth="0" marginheight="0" scrolling="no" class="wp-embedded-content"></iframe><script>
/*! This file is auto-generated */
!function(d,l){"use strict";l.querySelector&&d.addEventListener&&"undefined"!=typeof URL&&(d.wp=d.wp||{},d.wp.receiveEmbedMessage||(d.wp.receiveEmbedMessage=function(e){var t=e.data;if((t||t.secret||t.message||t.value)&&!/[^a-zA-Z0-9]/.test(t.secret)){for(var s,r,n,a=l.querySelectorAll('iframe[data-secret="'+t.secret+'"]'),o=l.querySelectorAll('blockquote[data-secret="'+t.secret+'"]'),c=new RegExp("^https?:$","i"),i=0;i<o.length;i++)o[i].style.display="none";for(i=0;i<a.length;i++)s=a[i],e.source===s.contentWindow&&(s.removeAttribute("style"),"height"===t.message?(1e3<(r=parseInt(t.value,10))?r=1e3:~~r<200&&(r=200),s.height=r):"link"===t.message&&(r=new URL(s.getAttribute("src")),n=new URL(t.value),c.test(n.protocol))&&n.host===r.host&&l.activeElement===s&&(d.top.location.href=t.value))}},d.addEventListener("message",d.wp.receiveEmbedMessage,!1),l.addEventListener("DOMContentLoaded",function(){for(var e,t,s=l.querySelectorAll("iframe.wp-embedded-content"),r=0;r<s.length;r++)(t=(e=s[r]).getAttribute("data-secret"))||(t=Math.random().toString(36).substring(2,12),e.src+="#?secret="+t,e.setAttribute("data-secret",t)),e.contentWindow.postMessage({message:"ready",secret:t},"*")},!1)))}(window,document);
</script>

¿Interesado en tener vivienda propia? Esta es tu oportunidad para estar mas cerca de cumplir ese gran sueño. El próximo sábado, 15 de junio se realizará en Combarranquilla Unidad Boston, la feria de vivienda donde podrás conocer los subsidios disponibles para tu proyecto. Si aún no lo tienes escogido, podrás consultar lo que diferentes constructoras [&hellip;]
