{"version":"1.0","provider_name":"Tu Gu\u00eda","provider_url":"https:\/\/tuguia.combarranquilla.co\/Revista","author_name":"Planetario Combarranquilla","author_url":"https:\/\/tuguia.combarranquilla.co\/Revista\/author\/planetario\/","title":"Hubble y Webb, los grandes fot\u00f3grafos del cosmos - Tu Gu\u00eda","type":"rich","width":600,"height":338,"html":"<blockquote class=\"wp-embedded-content\" data-secret=\"2m06DCN5HB\"><a href=\"https:\/\/tuguia.combarranquilla.co\/Revista\/hubble-y-webb-los-grandes-fotografos-del-cosmos\/\">Hubble y Webb, los grandes fot\u00f3grafos del cosmos<\/a><\/blockquote><iframe sandbox=\"allow-scripts\" security=\"restricted\" src=\"https:\/\/tuguia.combarranquilla.co\/Revista\/hubble-y-webb-los-grandes-fotografos-del-cosmos\/embed\/#?secret=2m06DCN5HB\" width=\"600\" height=\"338\" title=\"&#8220;Hubble y Webb, los grandes fot\u00f3grafos del cosmos&#8221; &#8212; Tu Gu\u00eda\" data-secret=\"2m06DCN5HB\" frameborder=\"0\" marginwidth=\"0\" marginheight=\"0\" scrolling=\"no\" class=\"wp-embedded-content\"><\/iframe><script>\n\/*! This file is auto-generated *\/\n!function(d,l){\"use strict\";l.querySelector&&d.addEventListener&&\"undefined\"!=typeof URL&&(d.wp=d.wp||{},d.wp.receiveEmbedMessage||(d.wp.receiveEmbedMessage=function(e){var t=e.data;if((t||t.secret||t.message||t.value)&&!\/[^a-zA-Z0-9]\/.test(t.secret)){for(var s,r,n,a=l.querySelectorAll('iframe[data-secret=\"'+t.secret+'\"]'),o=l.querySelectorAll('blockquote[data-secret=\"'+t.secret+'\"]'),c=new RegExp(\"^https?:$\",\"i\"),i=0;i<o.length;i++)o[i].style.display=\"none\";for(i=0;i<a.length;i++)s=a[i],e.source===s.contentWindow&&(s.removeAttribute(\"style\"),\"height\"===t.message?(1e3<(r=parseInt(t.value,10))?r=1e3:~~r<200&&(r=200),s.height=r):\"link\"===t.message&&(r=new URL(s.getAttribute(\"src\")),n=new URL(t.value),c.test(n.protocol))&&n.host===r.host&&l.activeElement===s&&(d.top.location.href=t.value))}},d.addEventListener(\"message\",d.wp.receiveEmbedMessage,!1),l.addEventListener(\"DOMContentLoaded\",function(){for(var e,t,s=l.querySelectorAll(\"iframe.wp-embedded-content\"),r=0;r<s.length;r++)(t=(e=s[r]).getAttribute(\"data-secret\"))||(t=Math.random().toString(36).substring(2,12),e.src+=\"#?secret=\"+t,e.setAttribute(\"data-secret\",t)),e.contentWindow.postMessage({message:\"ready\",secret:t},\"*\")},!1)))}(window,document);\n<\/script>\n","thumbnail_url":"https:\/\/tuguia.combarranquilla.co\/Revista\/wp-content\/uploads\/2025\/08\/Revista-Combarranquilla-1-1-scaled.jpg","thumbnail_width":2560,"thumbnail_height":1280,"description":"Por: Dayana Dom\u00ednguez Desde que el ser humano invent\u00f3 la fotograf\u00eda, hemos buscado congelar momentos para recordar, emocionar y entender el mundo que nos rodea. Pero, \u00bfqu\u00e9 pasa cuando el lente no apunta a una persona o a un paisaje, sino al universo entero? El 19 de agosto es el D\u00eda Internacional de la Fotograf\u00eda, [&hellip;]"}

Tu Guía

Hubble y Webb, los grandes fotógrafos del cosmos - Tu Guía

<blockquote class="wp-embedded-content" data-secret="2m06DCN5HB"><a href="https://tuguia.combarranquilla.co/Revista/hubble-y-webb-los-grandes-fotografos-del-cosmos/">Hubble y Webb, los grandes fotógrafos del cosmos</a></blockquote><iframe sandbox="allow-scripts" security="restricted" src="https://tuguia.combarranquilla.co/Revista/hubble-y-webb-los-grandes-fotografos-del-cosmos/embed/#?secret=2m06DCN5HB" width="600" height="338" title="&#8220;Hubble y Webb, los grandes fotógrafos del cosmos&#8221; &#8212; Tu Guía" data-secret="2m06DCN5HB" frameborder="0" marginwidth="0" marginheight="0" scrolling="no" class="wp-embedded-content"></iframe><script>
/*! This file is auto-generated */
!function(d,l){"use strict";l.querySelector&&d.addEventListener&&"undefined"!=typeof URL&&(d.wp=d.wp||{},d.wp.receiveEmbedMessage||(d.wp.receiveEmbedMessage=function(e){var t=e.data;if((t||t.secret||t.message||t.value)&&!/[^a-zA-Z0-9]/.test(t.secret)){for(var s,r,n,a=l.querySelectorAll('iframe[data-secret="'+t.secret+'"]'),o=l.querySelectorAll('blockquote[data-secret="'+t.secret+'"]'),c=new RegExp("^https?:$","i"),i=0;i<o.length;i++)o[i].style.display="none";for(i=0;i<a.length;i++)s=a[i],e.source===s.contentWindow&&(s.removeAttribute("style"),"height"===t.message?(1e3<(r=parseInt(t.value,10))?r=1e3:~~r<200&&(r=200),s.height=r):"link"===t.message&&(r=new URL(s.getAttribute("src")),n=new URL(t.value),c.test(n.protocol))&&n.host===r.host&&l.activeElement===s&&(d.top.location.href=t.value))}},d.addEventListener("message",d.wp.receiveEmbedMessage,!1),l.addEventListener("DOMContentLoaded",function(){for(var e,t,s=l.querySelectorAll("iframe.wp-embedded-content"),r=0;r<s.length;r++)(t=(e=s[r]).getAttribute("data-secret"))||(t=Math.random().toString(36).substring(2,12),e.src+="#?secret="+t,e.setAttribute("data-secret",t)),e.contentWindow.postMessage({message:"ready",secret:t},"*")},!1)))}(window,document);
</script>

Por: Dayana Domínguez Desde que el ser humano inventó la fotografía, hemos buscado congelar momentos para recordar, emocionar y entender el mundo que nos rodea. Pero, ¿qué pasa cuando el lente no apunta a una persona o a un paisaje, sino al universo entero? El 19 de agosto es el Día Internacional de la Fotografía, [&hellip;]
